72.
2, 167317
What are the prime factors of 7512749?
7512749
What are the prime factors of 232488?
2, 3, 3229
What are the prime factors of 11608555?
5, 7, 29, 11437
What are the prime factors of 7806990?
2, 3, 5, 433, 601
What are the prime factors of 1301802?
2, 3, 216967
What are the prime factors of 880285?
5, 7, 3593
What are the prime factors of 2670462?
2, 3, 17, 2909
What are the prime factors of 9702229?
9702229
What are the prime factors of 26190839?
26190839
What are the prime factors of 1833255?
3, 5, 40739
What are the prime factors of 2449698?
2, 3, 408283
List the prime factors of 2615657.
11, 21617
List the prime factors of 1447385.
5, 289477
What are the prime factors of 5400869?
293, 18433
List the prime factors of 5121097.
17, 301241
List the prime factors of 43504174.
2, 7, 3107441
List the prime factors of 3510105.
3, 5, 234007
List the prime factors of 31966.
2, 11, 1453
List the prime factors of 200876.
2, 13, 3863
List the prime factors of 528945.
3, 5, 179, 197
List the prime factors of 366141.
3, 31, 127
What are the prime factors of 14602041?
3, 1622449
What are the prime factors of 472455?
3, 5, 10499
List the prime factors of 164368.
2, 10273
List the prime factors of 627003.
3, 13, 23, 233
What are the prime factors of 50820?
2, 3, 5, 7, 11
List the prime factors of 2714517.
3, 13, 23201
What are the prime factors of 4323233?
29, 149077
What are the prime factors of 150580?
2, 5, 7529
What are the prime factors of 75590?
2, 5, 7559
List the prime factors of 200916.
2, 3, 5581
List the prime factors of 8611362.
2, 3, 127, 3767
What are the prime factors of 379619?
41, 47, 197
List the prime factors of 14327019.
3, 7, 71, 3203
What are the prime factors of 1614008?
2, 11, 18341
What are the prime factors of 1157085?
3, 5, 2857
List the prime factors of 9615643.
59, 79, 2063
List the prime factors of 145234.
2, 72617
List the prime factors of 463990.
2, 5, 46399
List the prime factors of 614181.
3, 101, 2027
What are the prime factors of 282196?
2, 70549
What are the prime factors of 14894067?
3, 431, 11519
What are the prime factors of 1751501?
859, 2039
What are the prime factors of 10417003?
29, 359207
What are the prime factors of 362372?
2, 17, 73
What are the prime factors of 163675?
5, 6547
What are the prime factors of 1437731?
53, 27127
List the prime factors of 617191.
617191
What are the prime factors of 5733580?
2, 5, 283, 1013
What are the prime factors of 10491743?
19, 29063
List the prime factors of 68723.
19, 3617
What are the prime factors of 291846?
2, 3, 127, 383
List the prime factors of 822948.
2, 3, 7, 97, 101
List the prime factors of 8827388.
2, 97, 22751
List the prime factors of 11457459.
3, 13, 97927
List the prime factors of 81185.
5, 13, 1249
List the prime factors of 8150099.
8150099
What are the prime factors of 2717974?
2, 7, 194141
List the prime factors of 2743334.
2, 11, 19, 6563
List the prime factors of 4553389.
53, 1621
What are the prime factors of 4224344?
2, 528043
List the prime factors of 40213334.
2, 7, 83, 34607
What are the prime factors of 96530?
2, 5, 7, 197
What are the prime factors of 93609?
3, 3467
What are the prime factors of 2102221?
11, 223, 857
What are the prime factors of 489574?
2, 244787
What are the prime factors of 3773021?
7, 539003
What are the prime factors of 503022?
2, 3, 13, 6449
What are the prime factors of 10565557?
10565557
List the prime factors of 816373.
19, 42967
What are the prime factors of 732090?
2, 3, 5, 23, 1061
What are the prime factors of 24740026?
2, 461, 26833
List the prime factors of 26408420.
2, 5, 1320421
List the prime factors of 4756304.
2, 7, 42467
What are the prime factors of 22675?
5, 907
What are the prime factors of 983383?
19, 73, 709
What are the prime factors of 22051788?
2, 3, 11, 17, 31, 317
List the prime factors of 10230810.
2, 3, 5, 341027
List the prime factors of 508793.
17, 173
List the prime factors of 421658.
2, 43, 4903
List the prime factors of 80723.
89, 907
What are the prime factors of 1412259?
3, 223, 2111
What are the prime factors of 554421?
3, 7, 17, 1553
What are the prime factors of 535055?
5, 113, 947
List the prime factors of 775253.
541, 1433
List the prime factors of 180970.
2, 5, 18097
What are the prime factors of 2077242?
2, 3, 346207
List the prime factors of 3040486.
2, 139, 10937
What are the prime factors of 4327468?
2, 41, 26387
What are the prime factors of 1265390?
2, 5, 7, 18077
What are the prime factors of 1077134?
2, 538567
What are the prime factors of 184848?
2, 3, 3851
What are the prime factors of 1938617?
1938617
What are the prime factors of 12619979?
233, 54163
List the prime factors of 2026766.
2, 7, 71, 2039
What are the prime factors of 6109388?
2, 1527347
List the prime factors of 11959379.
19, 23, 27367
List the prime factors of 2948946.
2, 3, 7, 11, 13, 491
List the prime factors of 696781.
89, 7829
What are the prime factors of 5265342?
2, 3, 17, 17207
List the prime factors of 1463797.
1463797
List the prime factors of 169432.
2, 21179
What are the prime factors of 357880?
2, 5, 23, 389
List the prime factors of 1545016.
2, 11, 97, 181
List the prime factors of 30774007.
11, 2797637
What are the prime factors of 7510484?
2, 1877621
What are the prime factors of 2282117?
659, 3463
List the prime factors of 807382.
2, 499, 809
List the prime factors of 923548.
2, 373, 619
What are the prime factors of 3087654?
2, 3, 227, 2267
List the prime factors of 7935230.
2, 5, 23, 34501
What are the prime factors of 595620?
2, 3, 5, 1103
What are the prime factors of 1361409?
3, 7, 241, 269
List the prime factors of 7946723.
2153, 3691
List the prime factors of 1190681.
41, 113, 257
List the prime factors of 239038.
2, 107, 1117
What are the prime factors of 307586?
2, 113, 1361
What are the prime factors of 303327?
3, 33703
What are the prime factors of 123098?
2, 61, 1009
List the prime factors of 1477836.
2, 3, 41051
List the prime factors of 2141062.
2, 7, 11, 13903
What are the prime factors of 102648?
2, 3, 7, 13, 47
List the prime factors of 487679.
17, 28687
What are the prime factors of 6416233?
53, 121061
List the prime factors of 475189.
11, 13, 3323
List the prime factors of 169650.
2, 3, 5, 13, 29
What are the prime factors of 257220?
2, 3, 5, 1429
List the prime factors of 1267975.
5, 67, 757
List the prime factors of 985806.
2, 3, 54767
List the prime factors of 86728.
2, 37, 293
What are the prime factors of 696387?
3, 232129
List the prime factors of 7215664.
2, 29, 15551
What are the prime factors of 1006248?
2, 3, 41927
List the prime factors of 1178333.
13, 90641
List the prime factors of 308338.
2, 23, 6703
What are the prime factors of 145902?
2, 3, 24317
List the prime factors of 12682839.
3, 13, 325201
List the prime factors of 5896521.
3, 229, 2861
What are the prime factors of 1828607?
11, 166237
What are the prime factors of 2574812?
2, 643703
What are the prime factors of 40515?
3, 5, 37, 73
What are the prime factors of 755930?
2, 5, 7, 10799
List the prime factors of 1327052.
2, 103, 3221
What are the prime factors of 686752?
2, 11, 1951
List the prime factors of 670475.
5, 13, 2063
What are the prime factors of 3531377?
3531377
List the prime factors of 706291.
706291
What are the prime factors of 462484?
2, 11, 23, 457
List the prime factors of 482607.
3, 53623
What are the prime factors of 855670?
2, 5, 41, 2087
List the prime factors of 10725743.
7, 1532249
List the prime factors of 9584085.
3, 5, 7, 97, 941
What are the prime factors of 808152?
2, 3, 151, 223
What are the prime factors of 498668?
2, 59, 2113
List the prime factors of 9467084.
2, 11, 215161
List the prime factors of 7047036.
2, 3, 195751
List the prime factors of 4557688.
2, 569711
List the prime factors of 346662.
2, 3, 19259
What are the prime factors of 2063547?
3, 229283
What are the prime factors of 5834349?
3, 17, 19, 223
What are the prime factors of 155416?
2, 19427
What are the prime factors of 16775498?
2, 17, 493397
List the prime factors of 174774.
2, 3, 29129
What are the prime factors of 1602451?
1602451
What are the prime factors of 356527?
79, 4513
List the prime factors of 1391170.
2, 5, 11, 12647
What are the prime factors of 352053?
3, 13, 17, 59
List 